 h*a. What is the units digit of l?
6
Let l(a) = a**2 - a + 5. Let p be (-1)/((4 - 9)/10). Suppose -5*t = -5, p*b + 5*t - 25 = -2*b. What is the units digit of l(b)?
5
Suppose 3*t = 3*u + 1746, 2*t = 4*t + 3*u - 1164. Suppose -5*b = -t + 37. What is the hundreds digit of b?
1
Suppose 0 = -13*f + 2736 - 123. What is the tens digit of f?
0
Let a = 4 + 0. Let g(o) = 3*o - 8. Let s be g(a). Suppose -2*l - 46 = -3*w, s*w = -l + 3*l + 58. What is the tens digit of w?
1
Suppose -5*o - 21 = -56. What is the units digit of (1*o)/(((-20)/(-38))/10)?
3
Suppose 2*s - 3*s + 103 = 0. Let g = -69 + s. Suppose -4*c - g = -j, -c + 208 = 4*j + c. What is the units digit of j?
0
Let h be (-8)/20 + (-24)/(-10). Suppose -4*a - 23 = -h*y - 137, 5*y - 25 = 0. What is the units digit of a?
1
Let b be 18/153 - 4/34. Let z be 2/(-4)*b/2. Suppose l - 2*w = -4*w + 27, z = -4*w + 12. What is the units digit of l?
1
What is the units digit of (-5228)/(-6) + 6*(-6)/108?
1
Suppose 2*j - 193 = -2*i + 91, 0 = 3*j + 2*i - 427. Let g = j - 33. What is the hundreds digit of g?
1
Suppose 5*m - 2908 - 338 = -z, m - 5*z = 644. Suppose 3*u - 14*u = -m. What is the tens digit of u?
5
Let s = -332 + 782. What is the hundreds digit of s?
4
Let k(i) be the second derivative of -i**3/2 - 6*i**2 + 5*i. Let z be k(-10). Suppose 2*b - 3*u = 62 + z, 2*b = 4*u + 84. What is the tens digit of b?
3
Suppose -s + 2721 = 3*d, -8*s - d + 5452 = -6*s. What is the thousands digit of s?
2
Suppose 0 = 4*p + 16, -4*a - 9*p = -14*p - 476. What is the tens digit of a?
1
Let j(y) = -y**2 + 4. Let r be j(0). Let h = -15 - -33. Suppose -r*g + 78 = h. What is the tens digit of g?
1
Suppose 748 = 3*d + 4*g, 2*g + 274 = d + 8. What is the tens digit of d?
5
Suppose -11*j = -8*j. Suppose j = 3*q - 0*q - 120. What is the units digit of q?
0
Let m = 2773 + -1891. What is the units digit of m?
2
Let c be 5 - (-1)/2*6. Suppose -3*w + 2*p = -c, -3 = 5*p - 2*p. Suppose -w*s = -82 - 8. What is the units digit of s?
5
Let i = 7 + -4. Suppose -2*c - 5*o = -63, -4*c + 2*c = -5*o - 33. Let z = c + i. What is the tens digit of z?
2
Suppose -10*n - 2*u = -7*n - 8959, -5*n = -5*u - 14965. What is the thousands digit of n?
2
Suppose y + j = 249, 2*y + 5*j - 185 = 319. Suppose 2*k - 5*z = y - 8, 5*z = -5. What is the units digit of k?
7
Suppose -95*b = -92*b - 705. What is the units digit of b?
5
Let t(u) = 597*u**3 + 5*u**2 - 7*u + 3. What is the tens digit of t(1)?
9
What is the tens digit of (35/(-28))/(((-12)/4)/1572)?
5
Let p(f) = -7*f**3 + 4*f - 9. Let t be p(-3). Let s = -1 + 5. Suppose 3*q + 140 = s*z, -4*z + 2*q = z - t. What is the tens digit of z?
3
Let u = 808 + -185. What is the tens digit of u?
2
Let d = -102 + 261. Suppose -g + 103 + 52 = -p, g = 3*p + d. What is the tens digit of g?
5
Let m(f) = 19*f. Let x be m(7). Let b = -92 + x. Let y = b - 23. What is the tens digit of y?
1
Suppose -50334 + 3038 = -16*k. What is the tens digit of k?
5
Let r = -8 - -46. Let s be ((-7)/(-21))/((-2)/(-102)). Let x = r - s. What is the units digit of x?
1
Let s(a) be the third derivative of -a**4/8 + 8*a**3/3 - a**2. What is the units digit of s(-10)?
6
Suppose 5*f = -h + 3*h + 11, -4*h + 14 = 2*f. Suppose w = -h*w + 201. Suppose 0 = 2*o + 19 - w. What is the units digit of o?
4
What is the hundreds digit of (-2364 + -6 + -1)*-1?
3
Suppose -11*s + 16*s = 50. Suppose 0*w - 877 = -3*x + 5*w, s = -2*w. What is the tens digit of x?
8
Let q(l) = 8*l**2 + 15*l + 58. What is the units digit of q(16)?
6
Let d(k) = -29*k + 2*k**2 + 4*k**2 + 27*k - 4*k**3 + 4. Let b(u) = 5*u**3 - 6*u**2 + u - 4. Let j(n) = 3*b(n) + 4*d(n). What is the units digit of j(5)?
4
Suppose 4*i = -4*m + 20, 0 = -2*i + 3*m + 16 + 9. What is the units digit of 34/i + 3/4?
5
Let g = 68 + -17. Let p = -24 + g. Let o = p - 26. What is the units digit of o?
1
Suppose 2*p + 10 = 3*p. Suppose -2*j = -4*w - 66, 3*w - 45 = -2*j + 49. Let q = p + j. What is the tens digit of q?
5
Let y = -74 + 61. Let z(m) = -m**3 - 14*m**2 - 18*m - 8. What is the units digit of z(y)?
7
Let n = 1681 + -799. Suppose 7*m - 308 = n. What is the units digit of m?
0
Let m = -4 - -8. Let h(i) = -3 + 4 - 5*i**3 + 4*i**3 + 8*i**2 - 2 - 4*i. What is the units digit of h(m)?
7
Let w(d) = -160*d + 191. What is the hundreds digit of w(-12)?
1
Suppose 2*z - 49 = r + 152, -3*r = -z + 88. Suppose 4*f - 5 = z. What is the units digit of f?
7
Suppose 5*x = -3*i - 21, 0*x - 3*x = 9. What is the units digit of i/(-7) + (-104)/(-28)?
4
Suppose -3*u + 7 = -8. Suppose 0 = -3*k + 5*f + 22 + 112, -u*f = -2*k + 81. What is the tens digit of k?
5
What is the hundreds digit of -3*(22640/(-30))/2?
1
Let p(a) = 1. Let j(w) = w + 2. Let t(b) = j(b) + 5*p(b). Let d be t(-9). Let r = d + 29. What is the units digit of r?
7
Suppose -2*a - 2*l + 706 = 0, 0 = -3*l + 2*l - 5. What is the hundreds digit of a?
3
Suppose 3024 = 21*q - 4662. What is the tens digit of q?
6
Suppose 3*g + 18*y - 3582 = 15*y, 2*g + 4*y - 2398 = 0. What is the hundreds digit of g?
1
Let j be 296/36 - 2/9. Suppose j*w - 7*w = 2. Suppose w*g - 4*c = 4*g - 20, -52 = -4*g - 2*c. What is the tens digit of g?
1
Let g(u) = -u**2 - 6*u - 2. Let d be g(-6). Let o(c) = -c**2 + 5*c - 6. Let x be o(5). What is the tens digit of d/((-4)/x) + 24?
2
Let i = 113 - 68. Let g = 68 - 69. What is the units digit of 2/(g - i/(-35))?
7
Let a = -39 - -477. What is the hundreds digit of a?
4
Suppose -64 = 2*p + a + 212, -5*p - 684 = a. Let q = 9 - p. What is the hundreds digit of q?
1
Let n be (-6)/(-40)*312/13*-790. What is the tens digit of -1*n/10 + 12/20?
8
Let j = 10 + -3. Suppose 0 = j*b + 57 - 379. What is the units digit of b?
6
Suppose -b - 6 = 3*y - 17, -28 = -3*b - 4*y. Let r be ((-540)/(-48))/((-6)/(-16)). Suppose a = -2*a - 5*l + b, -r = -5*a - 5*l. What is the tens digit of a?
1
Let h = -2 - -5. Let a(i) = i**3 + 3*i**2 - 7*i + 1. Let u be a(-4). Let v = u - h. What is the units digit of v?
0
Let m(x) = -2*x + x - 30 - 5*x + 36. What is the units digit of m(-5)?
6
Let y = 4819 + -1998. What is the tens digit of y?
2
Suppose 47 = 3*c - v, -3*v - 6 = 9. Let d = c + -11. Suppose -l + 64 = d*l + 4*n, l - n = 18. What is the tens digit of l?
1
Let o = 22 + -16. Suppose 1 - o = -5*j. What is the tens digit of (54/(-4))/(j/(-2))?
2
Let o(a) = -2*a - 1. Suppose n = 1 - 5. Let m be (4 - n)/(-1*1). What is the tens digit of o(m)?
1
Suppose -2*g - 1090 + 8600 = 4*a, -4*a - 4*g = -7512. What is the tens digit of a?
7
Let w(x) = -16*x + 56. Let q be w(3). Let l(v) = 3 + 10 + 4*v - 2*v. What is the tens digit of l(q)?
2
Let r(s) = s**2 + 5*s + 17. Let b(z) = -z**2 - 5*z - 18. Let c(u) = -6*b(u) - 5*r(u). What is the tens digit of c(-10)?
7
Suppose -4*b + 15 = b. Suppose -h = 5*y - 63, 4*h - 340 = b*y - 42. What is the tens digit of h?
7
Let f(y) be the third derivative of y**4/24 - 16*y**3/3 - 5*y**2. Let k be f(0). Let g = -19 - k. What is the units digit of g?
3
Suppose c - 51 = 5*l, 0 = 5*c - 2*l - l - 299. Let u = c + -32. What is the units digit of u?
9
Suppose 0 = -3*a + c + 6904, 4*a + 12*c - 9180 = 7*c. What is the thousands digit of a?
2
Suppose 4*f = h - 4*h + 5064, -5*f - 2*h + 6337 = 0. Suppose 5*c = 2*d + f, -2*c = 4*d - 3*d - 513. What is the units digit of c?
5
What is the thousands digit of 11 - 117/13 - -2956?
2
What is the tens digit of (-8874)/(-10) - (-152)/(-380)?
8
Suppose -12*l + 977 = -3451. What is the hundreds digit of l?
3
Let z(j) = -j - 3. Let s be z(-8). Suppose -2*a = 2*d + 2*d - 162, 3*d - s*a - 102 = 0. Suppose 4 = -u - y + d, 3*u = 5*y + 81. What is the tens digit of u?
3
Suppose 5*y + 85 = 10*y. Suppose -2*k - y = -3*h, 4*k - 5*h + h + 24 = 0. What is the units digit of 2*k/(-4)*6?
3
Suppose v - 4*u = 507 + 1580, 0 = -4*v + 3*u + 8283. What is the tens digit of v?
6
Suppose 2 - 12 = -2*v. Suppose -12 = -4*c - 0*c + 2*s, v*s = -5*c. What is the units digit of c?
2
What is the units digit of 717/27 - 4/(-9)?
7
Let x(g) = 4*g**2 + 61*g - 6. What is the units digit of x(-16)?
2
Let z(h) = 5 + 242*h - 241*h + 3 + h**2. What is the tens digit of z(-8)?
6
Let j(h) = 0*h**2 - 9 + 7 + 2*h**2 - 7*h + h**2. What is the tens digit of j(5)?
3
Suppose 0 = 3*j - 3*u - 15, -2*j + 4*u - 5*u = -1. Let i be 9/(-6) + j/(-4). What is the units digit of (-3)